). Suppose 4*o + u = 6*o. What is the greatest common factor of o and d?
5
Let j = -6 - -8. Suppose 0 = -3*n - j + 29. Calculate the greatest common factor of 81 and n.
9
Let k(d) = d**3 - 6*d**2 + 2*d - 2. Let n be k(6). Let p be 404/n - (-4)/(-10). Calculate the greatest common factor of p and 8.
8
Suppose 3*s - 16 = 4*m, 3*s + 0*m + m - 26 = 0. What is the highest common divisor of 8 and s?
8
Let y = 109 - 43. Let x = y - 12. Calculate the greatest common divisor of 6 and x.
6
Let l(f) = f**2 - 4*f - 8. Let h be l(-6). Calculate the greatest common divisor of 13 and h.
13
Let b be 2/(-3)*150/20. Let v be 42/b*5/(-2). What is the greatest common divisor of 231 and v?
21
Let p be 0 + 0 + 0 + 3. Suppose p*q + q - 264 = 0. Calculate the highest common divisor of 6 and q.
6
Suppose -2*i - 2*i = 20, 3*b = -2*i + 14. What is the highest common divisor of 32 and b?
8
Suppose -w + 79 = -53. Calculate the greatest common factor of w and 12.
12
Suppose 4*w = 3*n - 8, 2*n = w - 5*w + 12. Let t = 10 + w. What is the highest common factor of 44 and t?
11
Suppose 39 = w - 0*w. Suppose 4*r = -w - 9. Let s be (-8)/2*6/r. What is the highest common divisor of 4 and s?
2
Let a(t) = -8*t - 2. Let q be a(-3). Calculate the greatest common divisor of q and 33.
11
Let j = 1 - 4. Let y be 11 + 4/1 + j. Let s be (-32)/y*18/(-8). What is the greatest common factor of s and 2?
2
Let o be -1*3*(-1)/1. Let i be 20/o*(-15)/(-2). Calculate the highest common divisor of 5 and i.
5
Suppose 0 = 4*i - 226 - 674. What is the highest common divisor of 25 and i?
25
Let b(q) = 65*q**3 - q**2 + q + 2. Let c(x) = x + 1. Let h(s) = -b(s) + 2*c(s). Let t be h(-1). What is the highest common factor of t and 13?
13
Let h(l) = 2 + 0*l**3 - l**2 - 1 + l**3. Let o be h(2). Calculate the highest common divisor of 5 and o.
5
Let f(l) = -3*l**2 + 4*l**2 + 3 - 9. Suppose -18 = -4*r + 2. Let q be f(r). Calculate the greatest common divisor of q and 133.
19
Let g = 21 - 15. What is the highest common factor of g and 54?
6
Suppose -8*v + 1412 = 252. What is the greatest common factor of 29 and v?
29
Suppose 3*z - 5*n - 225 = -2*z, -2*n = 5*z - 204. Calculate the greatest common divisor of 210 and z.
42
Let q(b) = -3*b - 3. Let s be q(-6). What is the greatest common divisor of 3 and s?
3
Let x(m) = -m**3 - 5*m**2 - 5*m + 3. Let b be x(-5). Calculate the highest common divisor of b and 28.
28
Suppose 0 = -2*b - 4*m + 152, -5*m = -4*b + 2*b + 170. Suppose -3*i = -7*i + 40. What is the highest common factor of i and b?
10
Let w be (0 - (-6 - -3))/1. Suppose -5*q = -2*f - 9, 28 = w*f - q + 9. Calculate the greatest common divisor of 12 and f.
4
Let k be ((-2)/(-5))/(4/60). Suppose -n - k = -q + 2*n, -q = 2*n + 4. Suppose q = 4*r - 6*r + 90. What is the greatest common factor of r and 18?
9
Let l = 54 - 32. Let u(g) = -g**2 - 3*g + 99. Let d be u(-11). Calculate the greatest common divisor of d and l.
11
Let y(v) = 3*v**2 + 2*v + 1. Let k be y(-1). Let c be (k + 3/6)*30. Let z = -65 - -95. What is the greatest common factor of c and z?
15
Let r be 52/3 - (-18)/27. Suppose -s + r = 4*b - 30, -s + b = -33. Calculate the greatest common factor of 9 and s.
9
Let y(b) = -2*b + 12. Let w be y(2). Calculate the greatest common factor of w and 184.
8
Let r(j) = 2*j**2 + 6*j - 5. Let s be r(-5). Let o(x) = 5*x**3 - x + 1. Let l be o(1). Calculate the highest common factor of s and l.
5
Suppose 3*x + 7 = -4*f + 46, -3*f + 8 = x. Suppose 2*r - 4*z = z + 24, -3*r + 15 = 3*z. Let s = 75 - r. What is the greatest common divisor of s and x?
17
Suppose -8 = -x - x. Let v = 27 + -19. Calculate the highest common divisor of x and v.
4
Let z = -5 - -8. Let g be 159/51 + -2 + (-128)/(-68). What is the greatest common divisor of z and g?
3
Suppose 0 = 2*r - 6*r + 56. Suppose -3*t + r = 5. Let q = t + 4. What is the highest common factor of q and 49?
7
Let t be (3/(-2))/(3/(-30)). Let z be 2*-1 + 48/4. What is the greatest common divisor of z and t?
5
Let w(v) = 31*v**2 - 3*v + 2. Let t be w(2). Let l = -9 - -24. Calculate the greatest common factor of t and l.
15
Let f(r) = r**2 + 10*r - 14. Let w be f(-11). Let k be ((-5)/w)/5*3. What is the greatest common divisor of k and 1?
1
Let b(z) = -2*z**3 + 3*z**2 - 2*z + 2. Let d be b(2). Let l(y) = -2*y - 9. Let i be l(d). Calculate the highest common factor of 3 and i.
3
Let s = 155 - 110. Let b be s/6 + 1/2. Calculate the highest common factor of 32 and b.
8
Let y be ((-6)/(-4))/(1/2). Suppose -4*x + y*x = -35. What is the highest common divisor of x and 5?
5
Let y be 47/((-3)/(-3)*1). Let k = 91 - y. Calculate the greatest common divisor of k and 66.
22
Let s be -2*3/18*-9. Suppose -s*y = -37 + 1. Let d be (-350)/(-45) - (-2)/9. Calculate the highest common divisor of y and d.
4
Let u be -1 + (3/2 + -2)*-34. What is the highest common divisor of u and 128?
16
Let b(g) = 2*g**2 + g - 2. Let y be b(-2). Suppose y*p + 5*z = -2, -2*z - 12 = -5*p - z. What is the greatest common divisor of p and 2?
2
Suppose -23 - 25 = -6*l. Calculate the highest common divisor of 1 and l.
1
Suppose -3*q + 7 + 2 = 0. Calculate the highest common divisor of 18 and q.
3
Let l be ((-210)/(-24))/((-3)/(-12)). Calculate the greatest common divisor of 7 and l.
7
Let d(u) = -11*u - 15. Let f be d(-6). Calculate the greatest common divisor of 17 and f.
17
Let t be ((-5)/((-25)/(-44)))/((-2)/5). What is the greatest common factor of 22 and t?
22
Suppose 0 = 10*y - 7*y - 33. Calculate the greatest common factor of 88 and y.
11
Let y = 177 + -65. Suppose 2*g - 6*g + d + 69 = 0, 0 = -2*d - 10. What is the highest common factor of y and g?
16
Let n = -84 - -139. Calculate the greatest common factor of n and 11.
11
Let y be 35/25 + (-6)/(-10). Suppose -3*v - 2*v = y*g + 2, g + v = 5. What is the greatest common divisor of g and 63?
9
Let k(g) = -g**3 - 6*g**2 - 4*g - 3. Let b be k(-6). Let x = -7 + 10. What is the greatest common divisor of x and b?
3
Let k = -11 - -59. Calculate the highest common factor of k and 16.
16
Let s(m) = 2*m**2 + 2*m + 7. Let k be s(0). What is the greatest common factor of k and 28?
7
Let o = -117 + 177. What is the highest common divisor of o and 75?
15
Let d = 6 - 3. What is the highest common divisor of 30 and d?
3
Let b be (-1)/(-1 - 0) + 1. Let m be (0 - 0)*b/4. Let d be 70 - (2 - (m - 0)). What is the greatest common divisor of 17 and d?
17
Let s(z) = 32*z + 9. Let l be s(3). What is the greatest common divisor of l and 35?
35
Suppose 2*a = -3 + 9. Let b be 3/a + 1 - -3. Let t = -29 - -64. Calculate the greatest common divisor of b and t.
5
Let g be ((-2)/4)/(1/2). Let k(j) = -j**3 + j. Let n be k(g). Let x(t) = t**2 - t + 2. Let p be x(n). Calculate the greatest common divisor of p and 22.
2
Suppose -47 + 4 = -m. Let s = m + -63. Let w be s/(((-2)/(-6))/(-1)). What is the highest common divisor of w and 40?
20
Let w(g) = -g**2 + g + 7. Let q be w(-5). Let d be (5 + -2)/((-3)/10). Let m = d - q. What is the greatest common factor of m and 13?
13
Suppose -4*f + 10 = -2*f. Calculate the greatest common factor of f and 25.
5
Suppose 3*k + 0*l - 18 = 2*l, -4*l = -4*k + 28. Suppose -a - 2 = -2*b - 3, -k*b = -a - 1. What is the highest common factor of 1 and b?
1
Suppose 0 = -13*d + 16*d - 312. Calculate the greatest common factor of d and 26.
26
Let o be 12/30 + (-6)/(-10). Let y(x) = o - 5 - 22*x + 4*x. Let v be y(-3). What is the greatest common factor of 20 and v?
10
Suppose -5*t + 5*a - 4*a + 8 = 0, t = a. What is the highest common factor of t and 5?
1
Let u(i) = -45*i**3 - 1. Let b be u(-1). Suppose -8 + b = 2*c. Let f be 43/9 + 4/c. Calculate the highest common divisor of 10 and f.
5
Suppose r + 8 = 2*r. Let z(g) = g**3 + 7*g**2 + 6*g + 2. Let w be z(-6). Suppose -w*s = -5 + 1. What is the highest common divisor of s and r?
2
Suppose 6 = -5*z + 1. Let b be 14/((0 - 1)/z). Calculate the greatest common factor of b and 98.
14
Suppose -3*u + 0*u + 216 = 0. What is the highest common factor of 9 and u?
9
Suppose 5 = p + 2, 0 = 4*z - 2*p + 30. Let f be (z/(-9))/1*3. What is the greatest common divisor of 4 and f?
2
Let l(u) = u**3 + 6*u**2 + 7*u + 5. Let t be l(-3). Calculate the greatest common divisor of 44 and t.
11
Let r(w) = -11*w + 11. Let p = 2 - 13. Let v be r(p)